{"id":516,"date":"2025-08-18T00:02:15","date_gmt":"2025-08-17T22:02:15","guid":{"rendered":"https:\/\/www.matthias-weiss-romane.de\/?page_id=516"},"modified":"2025-08-18T00:03:58","modified_gmt":"2025-08-17T22:03:58","slug":"516-2","status":"publish","type":"page","link":"https:\/\/www.matthias-weiss-romane.de\/index.php\/516-2\/","title":{"rendered":"\u00dcber mich"},"content":{"rendered":"\n<p class=\"has-times-new-roman-font-family\" style=\"font-size:60px\">\u00dcber mich<\/p>\n\n\n\n<div class=\"wp-block-columns is-layout-flex wp-container-core-columns-is-layout-28f84493 wp-block-columns-is-layout-flex\">\n<div class=\"wp-block-column is-layout-flow wp-block-column-is-layout-flow\" style=\"flex-basis:33.33%\">\n<figure class=\"wp-block-image size-large\"><img loading=\"lazy\" decoding=\"async\" width=\"771\" height=\"1024\" src=\"https:\/\/www.matthias-weiss-romane.de\/wp-content\/uploads\/2025\/08\/WhatsApp-Bild-2025-02-12-um-10.24.16_88b61baa-771x1024.jpg\" alt=\"\" class=\"wp-image-510\" srcset=\"https:\/\/www.matthias-weiss-romane.de\/wp-content\/uploads\/2025\/08\/WhatsApp-Bild-2025-02-12-um-10.24.16_88b61baa-771x1024.jpg 771w, https:\/\/www.matthias-weiss-romane.de\/wp-content\/uploads\/2025\/08\/WhatsApp-Bild-2025-02-12-um-10.24.16_88b61baa-226x300.jpg 226w, https:\/\/www.matthias-weiss-romane.de\/wp-content\/uploads\/2025\/08\/WhatsApp-Bild-2025-02-12-um-10.24.16_88b61baa-768x1021.jpg 768w, https:\/\/www.matthias-weiss-romane.de\/wp-content\/uploads\/2025\/08\/WhatsApp-Bild-2025-02-12-um-10.24.16_88b61baa-1156x1536.jpg 1156w, https:\/\/www.matthias-weiss-romane.de\/wp-content\/uploads\/2025\/08\/WhatsApp-Bild-2025-02-12-um-10.24.16_88b61baa.jpg 1204w\" sizes=\"auto, (max-width: 771px) 100vw, 771px\" \/><\/figure>\n<\/div>\n\n\n\n<div class=\"wp-block-column is-layout-flow wp-block-column-is-layout-flow\" style=\"flex-basis:66.66%\">\n<h2 class=\"wp-block-heading has-large-font-size\"><strong>Matthias P. Wei\u00df<\/strong><\/h2>\n\n\n\n<hr class=\"wp-block-separator has-alpha-channel-opacity is-style-wide\"\/>\n\n\n\n<p>W\u00e4hrend meiner Ausbildung zum Fachlageristen habe ich mich mit meinen Arbeitskollegen \u00fcber verschiedene Fantasy-Universen unterhalten. Sie waren von meiner guten Rechtschreibung und Grammatik damals beeindruckt und schlugen vor, dass ich selbst einmal anfangen sollte zu schreiben. So entstand mein erstes Buch: Hero Tales<\/p>\n\n\n\n<p>Mittlerweile habe ich mich an viele Genres gewagt. Doch mittlerweile schreibe ich viele Geschichten mit ungew\u00f6hnlichen Themen im Indie-Bereich.  <\/p>\n\n\n\n<p>Mein derzeitiges Projekt &#8211; der Pakt der Tiere beschreibt eine Welt, in der Gesetze zum Verbot des Konsums und Produktion von Tierprodukten erlassen wurden und wie Tiere in dieser Welt \u00fcberleben.<\/p>\n\n\n\n<p><\/p>\n<\/div>\n<\/div>\n\n\n\n<h2 class=\"wp-block-heading\" style=\"font-size:36px\"><\/h2>\n","protected":false},"excerpt":{"rendered":"<p>\u00dcber mich Matthias P. Wei\u00df W\u00e4hrend meiner Ausbildung zum Fachlageristen habe ich mich mit meinen Arbeitskollegen \u00fcber verschiedene Fantasy-Universen unterhalten. Sie waren von meiner guten Rechtschreibung und Grammatik damals beeindruckt und schlugen vor, dass ich selbst einmal anfangen sollte zu schreiben. So entstand mein erstes Buch: Hero Tales Mittlerweile habe ich mich an viele Genres [&hellip;]<\/p>\n","protected":false},"author":1,"featured_media":0,"parent":0,"menu_order":0,"comment_status":"closed","ping_status":"closed","template":"","meta":{"om_disable_all_campaigns":false,"_monsterinsights_skip_tracking":false,"_monsterinsights_sitenote_active":false,"_monsterinsights_sitenote_note":"","_monsterinsights_sitenote_category":0,"footnotes":""},"class_list":["post-516","page","type-page","status-publish","hentry"],"aioseo_notices":[],"_links":{"self":[{"href":"https:\/\/www.matthias-weiss-romane.de\/index.php\/wp-json\/wp\/v2\/pages\/516","targetHints":{"allow":["GET"]}}],"collection":[{"href":"https:\/\/www.matthias-weiss-romane.de\/index.php\/wp-json\/wp\/v2\/pages"}],"about":[{"href":"https:\/\/www.matthias-weiss-romane.de\/index.php\/wp-json\/wp\/v2\/types\/page"}],"author":[{"embeddable":true,"href":"https:\/\/www.matthias-weiss-romane.de\/index.php\/wp-json\/wp\/v2\/users\/1"}],"replies":[{"embeddable":true,"href":"https:\/\/www.matthias-weiss-romane.de\/index.php\/wp-json\/wp\/v2\/comments?post=516"}],"version-history":[{"count":0,"href":"https:\/\/www.matthias-weiss-romane.de\/index.php\/wp-json\/wp\/v2\/pages\/516\/revisions"}],"wp:attachment":[{"href":"https:\/\/www.matthias-weiss-romane.de\/index.php\/wp-json\/wp\/v2\/media?parent=516"}],"curies":[{"name":"wp","href":"https:\/\/api.w.org\/{rel}","templated":true}]}}