{"id":695,"date":"2025-10-25T09:56:53","date_gmt":"2025-10-25T07:56:53","guid":{"rendered":"https:\/\/www.matthias-weiss-romane.de\/?page_id=695"},"modified":"2026-02-06T22:37:03","modified_gmt":"2026-02-06T21:37:03","slug":"695-2","status":"publish","type":"page","link":"https:\/\/www.matthias-weiss-romane.de\/index.php\/695-2\/","title":{"rendered":"Sonstige Projekte"},"content":{"rendered":"\n<h2 class=\"wp-block-heading has-text-align-center\"><strong>Sonstige Projekte<\/strong><\/h2>\n\n\n\n<p class=\"has-text-align-center\">Hier findet meine Projekte, die noch in Arbeit, aber bereit zum Lesen sind.<\/p>\n\n\n\n<div class=\"wp-block-columns is-layout-flex wp-container-core-columns-is-layout-28f84493 wp-block-columns-is-layout-flex\">\n<div class=\"wp-block-column is-layout-flow wp-block-column-is-layout-flow\">\n<p class=\"has-text-align-center has-vivid-cyan-blue-color has-text-color has-link-color wp-elements-f810fef9ff1157b0d966a0028a2aca51\"><a href=\"https:\/\/www.matthias-weiss-romane.de\/index.php\/pdf-embed-viewer\/outlaws-in-space\/\" target=\"_blank\" rel=\"noopener\" title=\"\">Outlaws in Space<\/a><\/p>\n\n\n\n<figure class=\"wp-block-image aligncenter size-full\"><img loading=\"lazy\" decoding=\"async\" width=\"568\" height=\"328\" src=\"https:\/\/www.matthias-weiss-romane.de\/wp-content\/uploads\/2025\/10\/Outlwas-in-Space-Cover.jpg\" alt=\"\" class=\"wp-image-716\" srcset=\"https:\/\/www.matthias-weiss-romane.de\/wp-content\/uploads\/2025\/10\/Outlwas-in-Space-Cover.jpg 568w, https:\/\/www.matthias-weiss-romane.de\/wp-content\/uploads\/2025\/10\/Outlwas-in-Space-Cover-300x173.jpg 300w\" sizes=\"auto, (max-width: 568px) 100vw, 568px\" \/><\/figure>\n\n\n\n<p>Ein Erkunder, der \u00fcber zehn Jahre am Rand der Galaxie verbracht hat, kommt in seine Heimat zur\u00fcck und merkt, dass sich alles ver\u00e4ndert hatte er nun Teil eines Krieges ist, der seit Milliarden von Jahren in der Galaxie gef\u00fchrt wird.<\/p>\n<\/div>\n\n\n\n<div class=\"wp-block-column is-layout-flow wp-block-column-is-layout-flow\">\n<figure class=\"wp-block-image size-large\"><a href=\"https:\/\/www.matthias-weiss-romane.de\/index.php\/xeno-gate-bibliothek\/\"><img loading=\"lazy\" decoding=\"async\" width=\"683\" height=\"1024\" src=\"https:\/\/www.matthias-weiss-romane.de\/wp-content\/uploads\/2026\/01\/xeno-Gate-683x1024.jpg\" alt=\"\" class=\"wp-image-932\" srcset=\"https:\/\/www.matthias-weiss-romane.de\/wp-content\/uploads\/2026\/01\/xeno-Gate-683x1024.jpg 683w, https:\/\/www.matthias-weiss-romane.de\/wp-content\/uploads\/2026\/01\/xeno-Gate-200x300.jpg 200w, https:\/\/www.matthias-weiss-romane.de\/wp-content\/uploads\/2026\/01\/xeno-Gate-768x1151.jpg 768w, https:\/\/www.matthias-weiss-romane.de\/wp-content\/uploads\/2026\/01\/xeno-Gate-1024x1536.jpg 1024w, https:\/\/www.matthias-weiss-romane.de\/wp-content\/uploads\/2026\/01\/xeno-Gate-1366x2048.jpg 1366w, https:\/\/www.matthias-weiss-romane.de\/wp-content\/uploads\/2026\/01\/xeno-Gate.jpg 1418w\" sizes=\"auto, (max-width: 683px) 100vw, 683px\" \/><\/a><\/figure>\n<\/div>\n<\/div>\n","protected":false},"excerpt":{"rendered":"<p>Sonstige Projekte Hier findet meine Projekte, die noch in Arbeit, aber bereit zum Lesen sind. Outlaws in Space Ein Erkunder, der \u00fcber zehn Jahre am Rand der Galaxie verbracht hat, kommt in seine Heimat zur\u00fcck und merkt, dass sich alles ver\u00e4ndert hatte er nun Teil eines Krieges ist, der seit Milliarden von Jahren in der [&hellip;]<\/p>\n","protected":false},"author":1,"featured_media":0,"parent":0,"menu_order":0,"comment_status":"closed","ping_status":"closed","template":"","meta":{"om_disable_all_campaigns":false,"_monsterinsights_skip_tracking":false,"_monsterinsights_sitenote_active":false,"_monsterinsights_sitenote_note":"","_monsterinsights_sitenote_category":0,"footnotes":""},"class_list":["post-695","page","type-page","status-publish","hentry"],"aioseo_notices":[],"_links":{"self":[{"href":"https:\/\/www.matthias-weiss-romane.de\/index.php\/wp-json\/wp\/v2\/pages\/695","targetHints":{"allow":["GET"]}}],"collection":[{"href":"https:\/\/www.matthias-weiss-romane.de\/index.php\/wp-json\/wp\/v2\/pages"}],"about":[{"href":"https:\/\/www.matthias-weiss-romane.de\/index.php\/wp-json\/wp\/v2\/types\/page"}],"author":[{"embeddable":true,"href":"https:\/\/www.matthias-weiss-romane.de\/index.php\/wp-json\/wp\/v2\/users\/1"}],"replies":[{"embeddable":true,"href":"https:\/\/www.matthias-weiss-romane.de\/index.php\/wp-json\/wp\/v2\/comments?post=695"}],"version-history":[{"count":3,"href":"https:\/\/www.matthias-weiss-romane.de\/index.php\/wp-json\/wp\/v2\/pages\/695\/revisions"}],"predecessor-version":[{"id":1096,"href":"https:\/\/www.matthias-weiss-romane.de\/index.php\/wp-json\/wp\/v2\/pages\/695\/revisions\/1096"}],"wp:attachment":[{"href":"https:\/\/www.matthias-weiss-romane.de\/index.php\/wp-json\/wp\/v2\/media?parent=695"}],"curies":[{"name":"wp","href":"https:\/\/api.w.org\/{rel}","templated":true}]}}