{"id":944,"date":"2026-02-06T22:25:35","date_gmt":"2026-02-06T21:25:35","guid":{"rendered":"https:\/\/www.matthias-weiss-romane.de\/?page_id=944"},"modified":"2026-02-06T22:52:48","modified_gmt":"2026-02-06T21:52:48","slug":"xeno-gate-bibliothek","status":"publish","type":"page","link":"https:\/\/www.matthias-weiss-romane.de\/index.php\/xeno-gate-bibliothek\/","title":{"rendered":"Xeno Gate Bibliothek"},"content":{"rendered":"\n<h2 class=\"wp-block-heading has-text-align-center\"><strong>Xeno-Gate Initiative<\/strong><\/h2>\n\n\n\n<p>Hier werden die Hefte meines neuen Projektes zum Lesen hochgeladen. <br>Die Erde ist fast am Ende ihrer Rohstoffe. Doch es gibt noch eine M\u00f6glichkeit, das Problem zu l\u00f6sen. Das unendliche Multiversum. Es hat all die Rohstoffe, die die Erde ben\u00f6tigt &#8211; und noch mehr.<\/p>\n\n\n\n<hr class=\"wp-block-separator aligncenter has-alpha-channel-opacity is-style-wide\" style=\"margin-top:var(--wp--preset--spacing--20);margin-bottom:var(--wp--preset--spacing--20)\"\/>\n\n\n\n<div class=\"wp-block-columns is-layout-flex wp-container-core-columns-is-layout-28f84493 wp-block-columns-is-layout-flex\">\n<div class=\"wp-block-column is-layout-flow wp-block-column-is-layout-flow\">\n<figure class=\"wp-block-image size-large\"><a href=\"https:\/\/www.matthias-weiss-romane.de\/index.php\/pdf-embed-viewer\/xeno-gate-initiative\/\" target=\"_blank\" rel=\" noreferrer noopener\"><img loading=\"lazy\" decoding=\"async\" width=\"683\" height=\"1024\" src=\"https:\/\/www.matthias-weiss-romane.de\/wp-content\/uploads\/2026\/01\/xeno-Gate-683x1024.jpg\" alt=\"\" class=\"wp-image-932\" srcset=\"https:\/\/www.matthias-weiss-romane.de\/wp-content\/uploads\/2026\/01\/xeno-Gate-683x1024.jpg 683w, https:\/\/www.matthias-weiss-romane.de\/wp-content\/uploads\/2026\/01\/xeno-Gate-200x300.jpg 200w, https:\/\/www.matthias-weiss-romane.de\/wp-content\/uploads\/2026\/01\/xeno-Gate-768x1151.jpg 768w, https:\/\/www.matthias-weiss-romane.de\/wp-content\/uploads\/2026\/01\/xeno-Gate-1024x1536.jpg 1024w, https:\/\/www.matthias-weiss-romane.de\/wp-content\/uploads\/2026\/01\/xeno-Gate-1366x2048.jpg 1366w, https:\/\/www.matthias-weiss-romane.de\/wp-content\/uploads\/2026\/01\/xeno-Gate.jpg 1418w\" sizes=\"auto, (max-width: 683px) 100vw, 683px\" \/><\/a><\/figure>\n<\/div>\n\n\n\n<div class=\"wp-block-column is-layout-flow wp-block-column-is-layout-flow\">\n<figure class=\"wp-block-image size-large\"><a href=\"https:\/\/www.matthias-weiss-romane.de\/?post_type=pdfev_embed_viewer&amp;p=1085&amp;preview=true\" target=\"_blank\" rel=\" noreferrer noopener\"><img loading=\"lazy\" decoding=\"async\" width=\"683\" height=\"1024\" src=\"https:\/\/www.matthias-weiss-romane.de\/wp-content\/uploads\/2026\/01\/Cover-683x1024.jpg\" alt=\"\" class=\"wp-image-1011\" srcset=\"https:\/\/www.matthias-weiss-romane.de\/wp-content\/uploads\/2026\/01\/Cover-683x1024.jpg 683w, https:\/\/www.matthias-weiss-romane.de\/wp-content\/uploads\/2026\/01\/Cover-200x300.jpg 200w, https:\/\/www.matthias-weiss-romane.de\/wp-content\/uploads\/2026\/01\/Cover-768x1152.jpg 768w, https:\/\/www.matthias-weiss-romane.de\/wp-content\/uploads\/2026\/01\/Cover.jpg 800w\" sizes=\"auto, (max-width: 683px) 100vw, 683px\" \/><\/a><\/figure>\n<\/div>\n\n\n\n<div class=\"wp-block-column is-layout-flow wp-block-column-is-layout-flow\">\n<figure class=\"wp-block-image size-large\"><a href=\"https:\/\/www.matthias-weiss-romane.de\/index.php\/pdf-embed-viewer\/das-multiversum\/\" target=\"_blank\" rel=\" noreferrer noopener\"><img loading=\"lazy\" decoding=\"async\" width=\"683\" height=\"1024\" src=\"https:\/\/www.matthias-weiss-romane.de\/wp-content\/uploads\/2026\/02\/Multiversum-683x1024.jpg\" alt=\"\" class=\"wp-image-1094\" srcset=\"https:\/\/www.matthias-weiss-romane.de\/wp-content\/uploads\/2026\/02\/Multiversum-683x1024.jpg 683w, https:\/\/www.matthias-weiss-romane.de\/wp-content\/uploads\/2026\/02\/Multiversum-200x300.jpg 200w, https:\/\/www.matthias-weiss-romane.de\/wp-content\/uploads\/2026\/02\/Multiversum.jpg 709w\" sizes=\"auto, (max-width: 683px) 100vw, 683px\" \/><\/a><\/figure>\n<\/div>\n\n\n\n<div class=\"wp-block-column is-layout-flow wp-block-column-is-layout-flow\"><\/div>\n\n\n\n<div class=\"wp-block-column is-layout-flow wp-block-column-is-layout-flow\"><\/div>\n\n\n\n<div class=\"wp-block-column is-layout-flow wp-block-column-is-layout-flow\"><\/div>\n<\/div>\n\n\n\n<div class=\"wp-block-columns is-layout-flex wp-container-core-columns-is-layout-28f84493 wp-block-columns-is-layout-flex\">\n<div class=\"wp-block-column is-layout-flow wp-block-column-is-layout-flow\"><\/div>\n\n\n\n<div class=\"wp-block-column is-layout-flow wp-block-column-is-layout-flow\"><\/div>\n\n\n\n<div class=\"wp-block-column is-layout-flow wp-block-column-is-layout-flow\"><\/div>\n\n\n\n<div class=\"wp-block-column is-layout-flow wp-block-column-is-layout-flow\"><\/div>\n\n\n\n<div class=\"wp-block-column is-layout-flow wp-block-column-is-layout-flow\"><\/div>\n\n\n\n<div class=\"wp-block-column is-layout-flow wp-block-column-is-layout-flow\"><\/div>\n<\/div>\n\n\n\n<div class=\"wp-block-columns is-layout-flex wp-container-core-columns-is-layout-28f84493 wp-block-columns-is-layout-flex\">\n<div class=\"wp-block-column is-layout-flow wp-block-column-is-layout-flow\"><\/div>\n\n\n\n<div class=\"wp-block-column is-layout-flow wp-block-column-is-layout-flow\"><\/div>\n\n\n\n<div class=\"wp-block-column is-layout-flow wp-block-column-is-layout-flow\"><\/div>\n\n\n\n<div class=\"wp-block-column is-layout-flow wp-block-column-is-layout-flow\"><\/div>\n\n\n\n<div class=\"wp-block-column is-layout-flow wp-block-column-is-layout-flow\"><\/div>\n\n\n\n<div class=\"wp-block-column is-layout-flow wp-block-column-is-layout-flow\"><\/div>\n<\/div>\n","protected":false},"excerpt":{"rendered":"<p>Xeno-Gate Initiative Hier werden die Hefte meines neuen Projektes zum Lesen hochgeladen. Die Erde ist fast am Ende ihrer Rohstoffe. Doch es gibt noch eine M\u00f6glichkeit, das Problem zu l\u00f6sen. Das unendliche Multiversum. Es hat all die Rohstoffe, die die Erde ben\u00f6tigt &#8211; und noch mehr.<\/p>\n","protected":false},"author":1,"featured_media":0,"parent":0,"menu_order":0,"comment_status":"open","ping_status":"closed","template":"","meta":{"om_disable_all_campaigns":false,"_monsterinsights_skip_tracking":false,"_monsterinsights_sitenote_active":false,"_monsterinsights_sitenote_note":"","_monsterinsights_sitenote_category":0,"footnotes":""},"class_list":["post-944","page","type-page","status-publish","hentry"],"aioseo_notices":[],"_links":{"self":[{"href":"https:\/\/www.matthias-weiss-romane.de\/index.php\/wp-json\/wp\/v2\/pages\/944","targetHints":{"allow":["GET"]}}],"collection":[{"href":"https:\/\/www.matthias-weiss-romane.de\/index.php\/wp-json\/wp\/v2\/pages"}],"about":[{"href":"https:\/\/www.matthias-weiss-romane.de\/index.php\/wp-json\/wp\/v2\/types\/page"}],"author":[{"embeddable":true,"href":"https:\/\/www.matthias-weiss-romane.de\/index.php\/wp-json\/wp\/v2\/users\/1"}],"replies":[{"embeddable":true,"href":"https:\/\/www.matthias-weiss-romane.de\/index.php\/wp-json\/wp\/v2\/comments?post=944"}],"version-history":[{"count":11,"href":"https:\/\/www.matthias-weiss-romane.de\/index.php\/wp-json\/wp\/v2\/pages\/944\/revisions"}],"predecessor-version":[{"id":1102,"href":"https:\/\/www.matthias-weiss-romane.de\/index.php\/wp-json\/wp\/v2\/pages\/944\/revisions\/1102"}],"wp:attachment":[{"href":"https:\/\/www.matthias-weiss-romane.de\/index.php\/wp-json\/wp\/v2\/media?parent=944"}],"curies":[{"name":"wp","href":"https:\/\/api.w.org\/{rel}","templated":true}]}}